er?
False
Let j(z) = z**2 - 5*z - 1. Let n be j(6). Let q = 5 - n. Suppose q = 4*f + 4*t - 64, 0 = -5*f - 2*t + 22 + 43. Is f a prime number?
True
Let i = 11 - 6. Is (0 - -1)/(i/1115) prime?
True
Suppose 0 = 5*p, -2*z + p + 246 = -2*p. Is z/18 + (-2)/(-12) composite?
False
Let u be (-27)/12*2*2. Is (-3)/u + (-152)/(-3) a composite number?
True
Let d(f) = 66*f**2 + 4*f + 3. Is d(-2) a prime number?
False
Suppose -3*m + 2*y + 160 = -319, -3*m + y = -484. Is m composite?
False
Let f(l) = -l**2 + 8*l + 7. Let z(h) = h**3 - 6*h**2 - 3*h + 9. Let n be z(6). Let p(m) = m**3 + 10*m**2 + 9*m + 6. Let i be p(n). Is f(i) prime?
True
Let w = -43 - -9. Let v = w + 48. Is 914/14 - 4/v composite?
True
Is 35 + (-2 - (-5 + 3) - 1) a prime number?
False
Let g = 4 + 1. Suppose 2*t = g*t - 9. Suppose -t = 2*y - 11. Is y composite?
True
Suppose -3*x = -50 - 583. Is x a composite number?
False
Let x(z) = -3 - 38*z**3 + 7*z - 3*z - 2*z + 4. Is x(-1) a prime number?
True
Suppose -4*n + 13 - 1 = 2*h, 0 = -5*h + 4*n - 12. Let m(y) = y**3 + y. Let w be m(h). Suppose -z + 9 + 46 = w. Is z prime?
False
Suppose -k - 2*k = -6. Suppose k*z = -4*n + 366, 0 = -2*z + n - 2*n + 378. Is z a composite number?
False
Let o = 1883 - 774. Is o a composite number?
False
Let x(o) = o**2 - 5*o - 6. Let h be x(5). Let r be (-34)/(-6) - 2/h. Is (28/r)/(8/12) prime?
True
Let z(s) = -s**2 - 2*s + 2. Let t be z(2). Let x = 7 + -27. Let c = t - x. Is c a composite number?
True
Let q be (-6)/(-36) - 34/(-12). Suppose -q*s + 509 - 74 = 0. Is s prime?
False
Let j(k) = 2*k**3 + k**2 - 6*k**3 + 3*k**3 - 1 - 5*k**3. Let q be j(1). Is (-2)/q*(392 + 1) a composite number?
False
Let f(g) = -g**3 + 12*g**2 + 9*g - 1. Is f(-4) a composite number?
True
Suppose 2*t = 4*a + 18, -3*t + 3*a + 16 = -26. Let u = 50 - t. Is u prime?
True
Let f(y) = 12*y**3 + y**2 + 3*y - 7. Let t be f(5). Suppose 3*w = -24 + t. Is w a prime number?
True
Let u be -1 - (0 + (1 - 2)). Suppose 4*c - 3*k - 307 = u, -26 = 4*k - 6. Suppose 3*y = -2*d + c - 26, 3*d - 4*y - 45 = 0. Is d prime?
True
Let j = -43 - -28. Is (j/5)/(2/(-10)) a composite number?
True
Suppose -4 = -q - 0*q. Let n(r) = 15*r - 5. Is n(q) composite?
True
Let b(v) = 34*v**2 - v + 1. Is b(4) a prime number?
True
Suppose 0 = -8*q - 4*q + 12468. Is q composite?
False
Let i(k) = -k**2 + 20*k + 34. Is i(15) prime?
True
Suppose -347 - 1130 = -7*w. Is w a composite number?
False
Suppose 2*o - 4*o = 2*l - 1778, l - 881 = 3*o. Is l a prime number?
True
Let t = 93 + -56. Is t composite?
False
Let o = 1306 + -755. Let f = o + -348. Is f prime?
False
Suppose -5*f + 2761 = 3*d - d, -3*f - 2*d = -1655. Is f a composite number?
True
Suppose 3*g - 121 = -u, -3*g - 208 = 4*u - 719. Let t = 236 - u. Is t a composite number?
True
Let r = 114 + -79. Let h = 60 - r. Is h a composite number?
True
Suppose -3*p + 712 = 5*x, -2*p - 2*p - 4 = 0. Is x a composite number?
True
Let o = -1044 - -1513. Is o a prime number?
False
Suppose 16 = 6*a - 2*a + 2*u, -5*a + 5*u = -20. Let k be a/10 - (-64)/40. Suppose 290 = -0*p + k*p. Is p prime?
False
Let u = 28 - -7. Is u a composite number?
True
Suppose 3*c - i - 2 = 8, 3*c - 5*i = 14. Let a(d) = d**2 - 4*d + 2. Let v be a(4). Is (183 - (v - 3)) + c prime?
False
Let m(a) be the third derivative of 0*a - 1/8*a**4 + 2*a**2 + 1/20*a**5 + 1/6*a**3 + 0. Is m(-3) a composite number?
False
Suppose 0 = 5*d - 4*z - 959, -4*d + 760 = 2*z + 2*z. Is d composite?
False
Let g(o) = o**2 - 2*o + 2. Let b(d) = -d**2 + d - 1. Suppose 5*j = 4*m - 29, -2*j + m - 2*m - 9 = 0. Let r(y) = j*b(y) - 4*g(y). Is r(10) prime?
True
Let v(u) = 7*u**2 + 20. Is v(-9) composite?
False
Suppose 5*t = -0*t + 4*a + 52, -5*a = 3*t - 46. Suppose -2*z = -6*z + t. Suppose -v + 37 = -2*w, 2*w - 74 = -2*v - z*w. Is v a prime number?
True
Let x(w) = -2*w**3 + 4*w**2 - 3*w. Let j be x(2). Let l be 93/j*(-1 + -1). Let y = -21 + l. Is y composite?
True
Suppose 4*w = -f + 3*w + 8, 0 = -5*f - 4*w + 35. Suppose 4 = f*c - c. Suppose 2*i + c*i = 136. Is i a composite number?
True
Let n be (3/6)/((-1)/(-10)). Suppose -n*d + 0*d = -900. Suppose v - 217 = d. Is v composite?
False
Let y be 4/1 + 1*-2. Let v be 7/y + 1/2. Suppose -2*b = 3*u - 35, 120 = -0*b + 4*b - v*u. Is b a composite number?
True
Let x(t) = t**3 - 11*t**2 - 12*t. Let s be x(12). Suppose -5*z - 20 + 565 = s. Is z composite?
False
Let r(b) = 6*b**2 + 6*b + 7. Let z(i) = -11*i**2 - 12*i - 14. Let o(u) = 5*r(u) + 2*z(u). Is o(5) prime?
False
Suppose 590 + 475 = -5*z + 5*s, 0 = -2*z - 3*s - 421. Let y = -121 - z. Is y a prime number?
False
Let k be ((-2)/(-2))/1 - -1. Is 55 - (2 - (k + -2)) a prime number?
True
Let h be (29 - 7)/(-3 + 1). Let a = 52 + -22. Let i = h + a. Is i a composite number?
False
Let y(h) = -4*h**2 - 45*h + 28. Let n(w) = -w**2 - 11*w + 7. Let x(b) = 9*n(b) - 2*y(b). Is x(-7) a prime number?
False
Let y(c) = -98*c + 5. Is y(-1) a composite number?
False
Let r = -118 + 208. Suppose 5*f - r = 65. Is f prime?
True
Let c = 37 - -228. Is c prime?
False
Let p(o) = -o**3 - 8*o**2 + 8*o - 6. Let n be p(-9). Suppose -5*t - 20 = 0, w - 147 = 2*t + n*t. Is w a prime number?
True
Suppose 2*f - 8 = 5*s - 4*s, 0 = -4*f - 3*s + 16. Let j(x) = -x. Let q be j(-5). Suppose 0 = -0*b - q*b + 4*a + 257, 0 = -f*b - 4*a + 220. Is b composite?
False
Let u(m) be the second derivative of -m**3/6 - m**2 - 4*m. Let z be u(-5). Suppose -2*g = -z*c - 154, -2*c - 2*c = 2*g - 182. Is g a prime number?
True
Let l(g) = g**2 - 2*g + 16. Is l(-7) prime?
True
Let x(q) = 30*q**3 - q**2 + q - 1. Let p be x(2). Suppose -4*y = 53 - p. Is y a composite number?
True
Let m = 7 + -5. Suppose -4*c + 2348 = -g, -4*c + 0*g + m*g + 2348 = 0. Is c prime?
True
Suppose 5*a - 6 - 29 = 0. Suppose a*b - 2*b = 660. Suppose -5*w - 331 = -5*k - 2*w, w = 2*k - b. Is k composite?
True
Suppose -q - 3 = -49. Suppose i = -i + q. Is i a composite number?
False
Let u(w) = w**2 + 4*w. Let r be u(-4). Suppose m + o = 3, -3*o + r*o = 5*m - 19. Suppose -m*v - 121 = -3*n, -v + 145 = 3*n - 0*v. Is n a composite number?
False
Is (84/(-60))/((-8)/10)*6676 a composite number?
True
Suppose -8*i = -1498 - 926. Is i a prime number?
False
Let b(j) be the second derivative of 1/10*j**5 + 0*j**2 - 3*j - 1/4*j**4 - 1/3*j**3 + 0. Is b(3) prime?
False
Suppose 4*j + 5 = 4*a + 37, 2*j + 9 = -3*a. Suppose j*r = 0, -3*p - 3 + 15 = r. Suppose -p*s + 4*t = -132, -2*t = -s - 6*t + 43. Is s a composite number?
True
Let b = -529 - -755. Suppose 0 = 3*s - 6*s + 4*v + 129, -5*s = -3*v - b. Is s prime?
True
Let z(c) = 58*c - 5. Let i be z(4). Suppose 0 = -4*t + 1825 + i. Suppose -4*d - 197 = -t. Is d prime?
True
Suppose l + 5 - 9 = 0, 4*l = -5*p + 30621. Is p composite?
False
Suppose -9 = 3*t, 0 = -0*a - 3*a - 2*t + 4683. Is a a composite number?
True
Suppose -2*k - 2 = -0*k, -4*k = 4*n - 1960. Is n a prime number?
True
Suppose 5*i - 3118 = 3*i. Is i prime?
True
Let r = 831 - 556. Let p = r - 114. Is p a composite number?
True
Let r be 0/(-1*(-6)/3). Let k(a) = -a**3 + 5*a**2 + 4*a - 2. Let o be k(5). Suppose r = 2*f - o. Is f a prime number?
False
Suppose 3 = 3*b + 6. Is b/(-3) - (-22)/6 composite?
True
Let n = -2596 - -4517. Is n composite?
True
Suppose -s + 10 = s. Suppose -s*l = -3*l - 446. Is l a prime number?
True
Let v(i) = -24*i - 1. Let s(c) = c**3 + 6*c**2 + 4*c - 2. Let w be s(-5). Suppose -4*j = -t, -w*j - 6 = -j + t. Is v(j) composite?
False
Suppose -9222 = -5*m - 707. Suppose 350 - m = -3*n. Suppose -r - v = -162, -3*r = -v - 3*v - n. Is r a composite number?
False
Suppose -4*g + 376 = 4*o, 3*o = g - o - 99. Suppose 3*r - 3*f - 95 = 7, -3*r + g = 4*f. Is r a prime number?
False
Suppose -5*a = -4*a - 111. Is a a composite number?
True
Let u = -3 + 5. Suppose 0 = -u*y + 5 + 5. Is (67/(-3))/(y/(-15)) composite?
False
Is 1596/30 - 2/10 a prime number?
True
Let f(y) = -2*y - 4. Let u be f(-3). Suppose 0 = -2*h + 4*v - 33 + 203, -3*h + 255 = u*v. Is h a composite number?
True
Let h be (4/12)/(2/36). Let i(z) = z**2 + 1. Let s(g) = -5*g**2 - 7*g - 2. Let y(m) = -6*i(m) - s(m). Is y(h) a prime number?
True
Let v(w) = w**2 + 11*w + 1. Suppose 2*u - 9 = m, 0 = -2*m - 3*u + 5*u - 20. Let n be v(m). Suppose -s + q + 66 = -14, 0 = q + n. Is s a composite number?
False
Is 1545/(-45)*-3*3 a composite number?
T